 by 495665.
0
Calculate the remainder when 66545 is divided by 2668.
2513
Calculate the remainder when 959892 is divided by 189.
150
What is the remainder when 539899 is divided by 1208?
1131
What is the remainder when 86969970 is divided by 179690?
10
What is the remainder when 87511264 is divided by 303?
16
What is the remainder when 535995 is divided by 80?
75
What is the remainder when 618824 is divided by 524?
504
Calculate the remainder when 2449507 is divided by 39.
34
Calculate the remainder when 295988 is divided by 147486.
1016
What is the remainder when 9613179 is divided by 739457?
238
What is the remainder when 3175442 is divided by 1058476?
14
What is the remainder when 37546728 is divided by 433?
432
What is the remainder when 8970243 is divided by 93438?
195
What is the remainder when 35439 is divided by 2542?
2393
Calculate the remainder when 88041544 is divided by 27.
25
Calculate the remainder when 1480821 is divided by 7294.
139
Calculate the remainder when 346860 is divided by 572.
228
What is the remainder when 377856 is divided by 2739?
2613
Calculate the remainder when 38321312 is divided by 36.
32
Calculate the remainder when 1109987 is divided by 4936.
4323
Calculate the remainder when 81387 is divided by 11571.
390
What is the remainder when 1415994 is divided by 283198?
4
What is the remainder when 36547001 is divided by 77430?
41
What is the remainder when 2949017 is divided by 6131?
6
What is the remainder when 56701 is divided by 2106?
1945
Calculate the remainder when 118449 is divided by 215.
199
What is the remainder when 143313 is divided by 11937?
69
Calculate the remainder when 10577739 is divided by 311109.
33
What is the remainder when 1735564 is divided by 67?
63
Calculate the remainder when 13838456 is divided by 1194.
1190
Calculate the remainder when 136730213 is divided by 311.
307
What is the remainder when 3526316 is divided by 56?
52
What is the remainder when 89492634 is divided by 1184?
1178
What is the remainder when 45590 is divided by 2038?
754
Calculate the remainder when 12784683 is divided by 852311.
18
Calculate the remainder when 442437 is divided by 110144.
1861
What is the remainder when 17226656 is divided by 215?
211
What is the remainder when 192902 is divided by 323?
71
What is the remainder when 4401884 is divided by 832?
604
What is the remainder when 79544 is divided by 32?
24
Calculate the remainder when 1261158 is divided by 13278.
13026
Calculate the remainder when 1089792 is divided by 544894.
4
What is the remainder when 90270 is divided by 211?
173
Calculate the remainder when 2903150 is divided by 345.
320
Calculate the remainder when 224124 is divided by 224045.
79
What is the remainder when 30480328 is divided by 15975?
28
Calculate the remainder when 200123 is divided by 1516.
11
What is the remainder when 76321608 is divided by 118881?
6
What is the remainder when 723907 is divided by 24962?
9
What is the remainder when 3293301 is divided by 2122?
2079
Calculate the remainder when 39383 is divided by 12168.
2879
What is the remainder when 1258504 is divided by 73992?
640
What is the remainder when 157444 is divided by 711?
313
What is the remainder when 243453 is divided by 149?
136
Calculate the remainder when 1524723 is divided by 84705.
33
What is the remainder when 51094 is divided by 78?
4
What is the remainder when 18533407 is divided by 279?
274
What is the remainder when 1441156 is divided by 648?
4
What is the remainder when 10526837 is divided by 3508941?
14
What is the remainder when 1839362 is divided by 68120?
122
Calculate the remainder when 6986958 is divided by 1745.
1723
What is the remainder when 179771 is divided by 59666?
773
Calculate the remainder when 120606 is divided by 3768.
30
What is the remainder when 18757019 is divided by 30?
29
Calculate the remainder when 90164 is divided by 30048.
20
What is the remainder when 39494187 is divided by 17383?
11
Calculate the remainder when 12507119 is divided by 187.
185
What is the remainder when 339485 is divided by 185?
10
What is the remainder when 5604641 is divided by 1979?
113
Calculate the remainder when 165605884 is divided by 28.
24
Calculate the remainder when 145438 is divided by 2715.
1543
Calculate the remainder when 653058 is divided by 163259.
22
Calculate the remainder when 6871286 is divided by 1881.
1874
Calculate the remainder when 8168331 is divided by 2042070.
51
Calculate the remainder when 534693 is divided by 338.
315
Calculate the remainder when 2999752 is divided by 1409.
1400
Calculate the remainder when 17617 is divided by 17551.
66
What is the remainder when 591042 is divided by 2473?
2468
Calculate the remainder when 3540941 is divided by 472.
469
Calculate the remainder when 3745402 is divided by 16.
10
What is the remainder when 2754684 is divided by 128?
124
What is the remainder when 3892215 is divided by 778268?
875
What is the remainder when 767245 is divided by 2325?
2320
What is the remainder when 2550699 is divided by 108?
63
Calculate the remainder when 368276 is divided by 2886.
1754
What is the remainder when 171315963 is divided by 1453?
1451
Calculate the remainder when 646613 is divided by 4753.
205
What is the remainder when 1807664 is divided by 596?
592
What is the remainder when 130764481 is divided by 14529386?
7
What is the remainder when 52239 is divided by 243?
237
Calculate the remainder when 244421 is divided by 884.
437
What is the remainder when 1466847 is divided by 1155?
1152
What is the remainder when 3255236 is divided by 692?
68
Calculate the remainder when 101955 is divided by 293.
284
What is the remainder when 1001467 is divided by 86?
83
Calculate the remainder when 46191866 is divided by 46.
0
What is the remainder when 18791949 is divided by 237?
219
What is the remainder when 10786820 is divided by 1659?
2
What is the remainder when 444848 is divided by 23?
5
What is the remainder when 12420942 is divided by 4140281?
99
What is the remainder when 3877721 is divided by 1735?
1731
What is the remainder when 354311 is divided by 177051?
209
What is the remainder when 94037 is divided by 73?
13
What is the remainder when 171726 is divided by 3238?
112
What is the remainder when 34722 is divided by 919?
719
Calculate the remainder when 19770715 is divided by 14.
13
What is the remainder when 89255 is divided by 2025?
155
What is the remainder when 12775330 is divided by 160?
130
Calculate the remainder when 37101130 is divided by 2853932.
14
Calculate the remainder when 4758213 is divided by 1189509.
177
What is the remainder when 3071696 is divided by 747?
32
What is the remainder when 4217594 is divided by 3295?
3289
What is the remainder when 5535679 is divided by 31998?
25
What is the remainder when 47764 is divided by 348?
88
What is the remainder when 868926 is divided by 66839?
19
What is the remainder when 2014658 is divided by 952?
226
What is the remainder when 95532 is divided by 6800?
332
Calculate the remainder when 20455331 is divided by 818211.
56
Calculate the remainder when 17235570 is divided by 3293.
8
What is the remainder when 2838160 is divided by 89?
39
What is the remainder when 2336787 is divided by 6851?
596
Calculate the remainder when 1239299 is divided by 982.
15
Calculate the remainder when 115708 is divided by 357.
40
Calculate the remainder when 327451 is divided by 177.
1
Calculate the remainder when 3042493 is divided by 217318.
41
What is the remainder when 1225553 is divided by 41?
22
Calculate the remainder when 473836 is divided by 380.
356
Calculate the remainder when 322916 is divided by 758.
8
What is the remainder when 6287558 is divided by 3143774?
10
Calculate the remainder when 573023 is divided by 332.
323
What is the remainder when 4031408 is divided by 4097?
4057
What is the remainder when 1862485 is divided by 931228?
29
Calculate the remainder when 5168028 is divided by 1990.
1988
Calculate the remainder when 38946 is divided by 1963.
1649
What is the remainder when 461556 is divided by 781?
766
What is the remainder when 8763381 is divided by 5?
1
Calculate the remainder when 105971 is divided by 2037.
47
Calculate the remainder when 10608 is divided by 771.
585
What is the remainder 